rs of 0 + w/((-8)/(-30))?
3, 5
Let q be (5/2)/(2/28). Let y = q + -21. List the prime factors of y.
2, 7
Suppose 6*c - 587 = 997. What are the prime factors of c?
2, 3, 11
Let w be -44 - (-2 - (-3 + 2)). Let q = 71 + w. List the prime factors of q.
2, 7
Let o be (-21)/(-2) - (-7)/14. Let p = o - 5. Suppose -6 = -i + p. What are the prime factors of i?
2, 3
Let l(u) = 2*u + 34. Let o(s) = s + 17. Let t(i) = -4*l(i) + 9*o(i). What are the prime factors of t(0)?
17
What are the prime factors of 0 - 0/(-1) - -37?
37
Let o be (-69 - 0)*1*-1. Suppose -3*c + 0*c - o = 0. Let k = c + 40. List the prime factors of k.
17
Let c(v) = v**3 - v**2 - v + 2. Let p be 2 + 1 + 1 + -1. Let r be c(p). Suppose -u + r = 4*i, -5*i - 32 = -4*u - 3*i. List the prime factors of u.
3
Suppose 4*a - 5*y = 3*a + 12, 3*y + 16 = 5*a. Suppose -9 = 3*s - a*d, 8 = 4*s - 0*d + 4*d. Let l = 3 - s. What are the prime factors of l?
2
Let u = -5 - -4. Let t = 4 - u. What are the prime factors of t?
5
Suppose -v + 36 + 32 = -l, -5*v - 2*l + 312 = 0. Let s = v + -40. Suppose p + p = s. List the prime factors of p.
2, 3
Let i(j) = 2*j**2 - 5*j + 3. What are the prime factors of i(6)?
3, 5
Let w = 11 + -11. What are the prime factors of ((-39)/(-6) - w)*4?
2, 13
Let q(y) = -y + 10. Let t be q(7). Suppose -t*r = -8 - 7. Suppose -26 + r = -f. List the prime factors of f.
3, 7
Suppose 3*v - 148 = 5*i - 455, -2*v - 126 = -2*i. Let l = 8 - 8. Suppose l = -5*o - 4 + i. List the prime factors of o.
11
Suppose -u + 8 = -2*o, 4*u = -5*o + 3*o + 32. Let a = 84 - u. Suppose a = 2*n + 2*n. List the prime factors of n.
19
Let c = 2 + 113. List the prime factors of c.
5, 23
Suppose -29 = -v - 2*a, -a - 3 = -0. What are the prime factors of v?
5, 7
Suppose 4*a = 5*i - 34, 4*a + 4 = 3*a - i. Let p = -3 - a. Suppose -n + 0 = -p. List the prime factors of n.
3
List the prime factors of (-58)/(-12) - (-3)/18.
5
Let t(s) = -4*s + 14. Let r be t(-7). Suppose -3*c - r = -6*c. List the prime factors of c.
2, 7
Let p(w) = -2*w + 6. List the prime factors of p(-11).
2, 7
Let k(g) = 4*g**2 - 7. Let c be 3 - 0*(-1)/(-2). List the prime factors of k(c).
29
Suppose 0 = -2*y + 10, 2*i - 2*y + 16 = 2*y. List the prime factors of i.
2
Let j = 37 - 33. Let w = 3 + 3. Let y = w - j. List the prime factors of y.
2
What are the prime factors of (-1036)/(-26) - 12/(-78)?
2, 5
Let y = 389 + -277. What are the prime factors of y?
2, 7
Suppose -4*a = -a + 3. Let j(s) = -4*s + 1. Let m be j(a). What are the prime factors of (-36)/(-10)*m/2?
3
Let s(a) = a**2 + 6*a. Let u be s(-6). List the prime factors of (-21)/(0 - 1 - u).
3, 7
Let n(k) = -2*k - 2. Let v be n(-4). Let l = v + -4. List the prime factors of l.
2
Suppose -s = 2*h - 3*h + 17, 5*h + 4*s = 40. Let p = h + -5. List the prime factors of p.
7
Let a = 39 + 63. List the prime factors of a.
2, 3, 17
Suppose 14*f = 16*f - 76. List the prime factors of f.
2, 19
Suppose 183 = 4*c + 2*q - 11, -3*c - q = -144. What are the prime factors of c?
47
Let f(t) = -4*t**2 - t**3 + 2*t + 2*t**3 - 6 + 0*t. Let o be f(4). Suppose 5*z - 18 = o*z. List the prime factors of z.
2, 3
Let j be (-6)/21 - (-88)/14. Let p be (2/j)/(1/15). Suppose -t + 46 = 5*q, -33 = -4*q - 2*t + p*t. List the prime factors of q.
3
Suppose 6*z - 627 = -3*s + 2*z, -5*s - 5*z + 1040 = 0. List the prime factors of s.
5, 41
Suppose 12*v - 153 = 9*v. What are the prime factors of v?
3, 17
Let t = -3 - -3. Suppose i + t*i - 15 = -4*k, 2*i = k - 6. Let y(d) = -3*d + 1. List the prime factors of y(i).
2
Let f(o) = o**2 + 7*o + 2. Let t be f(-7). What are the prime factors of 25*(0 - (-2)/t)?
5
Suppose 10 - 1 = 4*t + 3*q, -4*q = 3*t - 5. Suppose -3*d - t*h + 8 = d, 5*d = 2*h + 33. What are the prime factors of d?
5
Suppose 3*n = 0, -n + 0 - 20 = -5*m. Let t = 7 - m. Suppose -t*s = s - 24. What are the prime factors of s?
2, 3
Suppose -3*b + 16 = 2*i - 1, -9 = -2*b + i. Suppose -b*l + 25 + 30 = 0. List the prime factors of l.
11
Let o(i) be the second derivative of -i**4/12 - 2*i**3 + i**2 + 4*i. What are the prime factors of o(-12)?
2
Suppose 2*u = 3*r - 22, -5*u + 20 = r + 4*r. Let l be 2/(-4)*(0 - r). Suppose -4*f + 15 = f + 5*m, -f + 7 = -l*m. List the prime factors of f.
2
Suppose 11 = 5*i - 9. Suppose -2*t - i*t = -144. List the prime factors of t.
2, 3
Let k(y) be the second derivative of y**4/12 + 7*y**3/6 + 2*y**2 - 2*y. What are the prime factors of k(-8)?
2, 3
Let l = -5 + 11. Let j be (-3)/l - (-115)/(-2). List the prime factors of (-6)/(-9) - j/3.
2, 5
Let o be (-8)/(-12)*3/1. Suppose 6*k = -3*l + 3*k + 9, -o*l = -k - 9. Suppose 0 = 4*z - 4*m - 7 - 5, -5*z = l*m - 42. What are the prime factors of z?
2, 3
Let a = -68 + 100. What are the prime factors of a?
2
Let c(j) = j**3 - j + 3. Let l be c(0). Suppose -x = -l*x. Suppose -2*r + 14 = -x*r + 2*z, 3*z + 6 = 0. What are the prime factors of r?
3
Let g be (-82)/(-16) + 6/(-48). Let c(x) = -x**3 + 5*x**2 + 5*x + 7. List the prime factors of c(g).
2
Let d(a) = 97*a - 6. What are the prime factors of d(3)?
3, 5, 19
Let k = -4 + 5. List the prime factors of (-75)/k*(-6)/18.
5
Suppose -4*q = u - 3*q - 19, 5*u - 99 = -q. What are the prime factors of u?
2, 5
Suppose 0 = 2*g - 2, -3*h - g + 5 = 4*g. Suppose l = -0*l + 2. Suppose h = l*x - 3*x + 2. List the prime factors of x.
2
Let u(d) = -3*d**3 - 27*d**2 + 27*d + 1. Let o(s) = -s**3 - 9*s**2 + 9*s. Let q(c) = -8*o(c) + 3*u(c). List the prime factors of q(-10).
13
Suppose 0 = 5*w - 2*g - 162, -6*g = -4*w - 2*g + 120. What are the prime factors of w?
2, 17
Suppose -3*a - 3*n + 285 = 0, a + 5*n + 2 = 109. What are the prime factors of a?
2, 23
Let k(w) = -3*w + 9. Let v = -1 - -7. Let z be k(v). Let i(f) = f**2 + 8*f + 10. List the prime factors of i(z).
19
Let r = 85 - 54. List the prime factors of r.
31
Let p = 1 - 0. Let r = 3 - p. Suppose 0 = -q + r*q - 7. What are the prime factors of q?
7
Suppose 34*n - 25*n = 846. List the prime factors of n.
2, 47
Let r(p) = 2*p**2 - p + 1. Let f be r(1). Let z = f - -1. List the prime factors of 6/(-5)*(-20)/z.
2
Suppose -1 = 5*y - 11. Let s = y + 4. List the prime factors of s.
2, 3
Suppose -13*u + 316 + 165 = 0. List the prime factors of u.
37
Suppose -56 = -2*d - 0*d. Suppose -d = -4*a + i - 4, -i + 21 = 5*a. Suppose -2*x - 9 = -a*x. List the prime factors of x.
3
What are the prime factors of ((-3 + 6)/(-3))/((-1)/46)?
2, 23
Let j be (-5)/((-5)/14) - 1. Suppose 0 = -4*t + 51 + j. What are the prime factors of t?
2
Let v(p) = -p**3 - 6*p**2 - 2*p + 5. Let a be v(-5). What are the prime factors of 45*-1*4/a?
2, 3
Let f(a) be the first derivative of a**4/4 - a**3/3 + a**2/2 + 12*a - 3. What are the prime factors of f(0)?
2, 3
Suppose z = 5*b + 40, 5*z + 3*b = -0*z + 228. List the prime factors of z.
3, 5
Suppose -r + 8 = c + 4, -8 = -4*r. Suppose c*a = 7*a - 70. What are the prime factors of a?
2, 7
Suppose 5*r + 5*w - 143 = 212, -5*w = -15. Suppose -v = 4*k - 56, -4*k + 0*v - 4*v = -r. What are the prime factors of k?
13
Let m = 20 + -18. List the prime factors of m.
2
Suppose -4*n + 66 = -2*n. What are the prime factors of n?
3, 11
What are the prime factors of 2/(-5) + 10556/140?
3, 5
Suppose 0 = 2*z - 170 - 14. What are the prime factors of z?
2, 23
Let k be 3/(-12) - 86/8. Let t(g) = -g**3 - 11*g**2 - 3*g - 10. What are the prime factors of t(k)?
23
Let j(k) = k**3 - 2*k**2 - 7*k + 5. Let f be j(5). List the prime factors of 6/10 - (-153)/f.
2
Suppose -77 = -q + 13. List the prime factors of q.
2, 3, 5
Suppose 73*x - 74*x + 8 = 0. What are the prime factors of x?
2
Let q(h) = 5*h**3 - h. Let b be q(-1). Let v be (5 + b)/(1/1). Suppose -a + 3 = v. What are the prime factors of a?
2
Suppose r - 3 + 1 = 0. Suppose -b = -r*b + 15. List the prime factors of b.
3, 5
What are the prime factors of -3 + 5 - (-38)/2?
3, 7
Let d(g) = g**2 + 3*g - 1. Suppose -5*f - 2*j = 7, -14 = 3*f - 3*j + 7. Let y be d(f). List the prime factors of (2/6)/(y/(-6)).
2
Suppose 0 = c - 5 + 3. Suppose 3*v + c*v = 35. What are the prime factors of v?
7
Let j be (-2)/(-11) + (-17872)/44. Let g be 4/14 - j/(-49). What are the prime factors of (g/6)/((-3)/9)?
2
Let f(c) = 2*c**3 + 13*c**2 - 14*c + 7. What are the prime factors of f(-7)?
2, 7
Suppose 2*n - 23 = 2*x - 3*n, -2*x - 3*n + 17 = 0. Let q(r